 6, what is 105044 - -544?
110032
In base 8, what is -36026034 + 5?
-36026027
In base 4, what is -111 - 10210123?
-10210300
In base 15, what is 3 + -690?
-68c
In base 16, what is 4f - -d7?
126
In base 15, what is -de1 - 9?
-dea
In base 6, what is 14221 + -34?
14143
In base 10, what is 180 + -173?
7
In base 5, what is 11302 + 142400?
204202
In base 2, what is -1110110111110100 - -100?
-1110110111110000
In base 16, what is 5 + -e4d7?
-e4d2
In base 6, what is -2 + -225054?
-225100
In base 14, what is -341822 + 2?
-341820
In base 5, what is -3 - -1124404?
1124401
In base 3, what is -10022000020200 + -1?
-10022000020201
In base 5, what is 11211221 + 13?
11211234
In base 12, what is b31 - -25?
b56
In base 10, what is -1 - -1068288?
1068287
In base 2, what is -10010010010111 + -10?
-10010010011001
In base 14, what is 1 - 4d3?
-4d2
In base 15, what is 2 + -37e61?
-37e5e
In base 7, what is 1302 - -1501?
3103
In base 15, what is -12 - a7e2?
-a804
In base 10, what is -155 + 203?
48
In base 5, what is -13220430 + -10?
-13220440
In base 16, what is -4024 + -1ce?
-41f2
In base 6, what is 5 - -21135405?
21135414
In base 7, what is -3314013 + -3?
-3314016
In base 13, what is -2 - -2425b?
24259
In base 13, what is 8a4c - 1?
8a4b
In base 11, what is -298501 - -3?
-2984a9
In base 13, what is 28 - -269?
294
In base 9, what is 5 + 16187?
16203
In base 9, what is -85876 - 0?
-85876
In base 3, what is 10212010000 + 100?
10212010100
In base 4, what is 1302101 + -110?
1301331
In base 12, what is -2862 + -3?
-2865
In base 4, what is 210 - 202131?
-201321
In base 15, what is 92449 + 5?
9244e
In base 2, what is 100110100101 + 100010?
100111000111
In base 2, what is -101 - 101010111011?
-101011000000
In base 3, what is 10001022 - 1000?
10000022
In base 8, what is 105771 - 4?
105765
In base 15, what is 1314d8 + -5?
1314d3
In base 2, what is 101011000001011 - -100011?
101011000101110
In base 2, what is -1 + -101101000111011?
-101101000111100
In base 9, what is 4 + 271107?
271112
In base 13, what is 2ac - 71?
23b
In base 5, what is -12 + 143113241?
143113224
In base 10, what is 52 - -988?
1040
In base 4, what is -2101013001 - -10?
-2101012331
In base 9, what is -4 + -10554?
-10558
In base 3, what is -10 + 11120121?
11120111
In base 10, what is -570697 + 4?
-570693
In base 5, what is -241 + 1142042?
1141301
In base 15, what is 29 + 10976?
109a0
In base 7, what is 10 - 452626?
-452616
In base 2, what is 11 - -11001100110100?
11001100110111
In base 9, what is -133462 + 5?
-133456
In base 12, what is -111 - b18?
-1029
In base 15, what is 74862 + 4?
74866
In base 14, what is 2 + 5b8?
5ba
In base 10, what is -57 - 48506?
-48563
In base 11, what is -1424a52 + 3?
-1424a4a
In base 6, what is -21142 - 112?
-21254
In base 16, what is -300 - -28?
-2d8
In base 6, what is -1 + -524124?
-524125
In base 16, what is -2 + -86f33?
-86f35
In base 4, what is 22132302 + 11?
22132313
In base 14, what is 27 + -7294?
-726b
In base 16, what is -19d6ae - -2?
-19d6ac
In base 6, what is 22 + 540212?
540234
In base 4, what is -122131330 - -100?
-122131230
In base 6, what is -1343 + 151?
-1152
In base 3, what is 10111 - 1002221?
-222110
In base 14, what is 2 - 1704b1?
-1704ad
In base 7, what is 3 + 1561632?
1561635
In base 4, what is 1321 + -20302333?
-20301012
In base 9, what is 3 - 664043?
-664040
In base 14, what is 56 + 121?
177
In base 16, what is -d + 506d?
5060
In base 8, what is -4 + -3625155?
-3625161
In base 5, what is -1304 + 21420?
20111
In base 14, what is 501b7d - 1?
501b7c
In base 13, what is 2c29 - 58?
2ba1
In base 8, what is -52 + 601?
527
In base 3, what is -10011 + -101111?
-111122
In base 2, what is -101100000 + 111001?
-100100111
In base 7, what is 0 - 3532424?
-3532424
In base 10, what is 174242 - 4?
174238
In base 13, what is 31 - 59?
-28
In base 6, what is -123311 + -211?
-123522
In base 3, what is -202201110110 + 21?
-202201110012
In base 14, what is 1b7 + -1b?
19a
In base 5, what is -312 - -120132?
114320
In base 15, what is -3e6a5 - -2?
-3e6a3
In base 2, what is -11111001101010 + -100?
-11111001101110
In base 5, what is 2022032 + 4?
2022041
In base 12, what is 0 - a9923?
-a9923
In base 15, what is -1bd3 + 0?
-1bd3
In base 13, what is -1a0b6b + -5?
-1a0b73
In base 5, what is -224 + 31323?
31044
In base 12, what is 315b + 4?
3163
In base 4, what is 201 + -12303020?
-12302213
In base 5, what is -14114021 - -1?
-14114020
In base 14, what is 4 - -a63?
a67
In base 8, what is 213351 + -2?
213347
In base 8, what is 24070172 + 2?
24070174
In base 15, what is -71 - -2604?
2583
In base 11, what is -5 + -3057?
-3061
In base 8, what is 62 + 3773?
4055
In base 2, what is 100 - -11000010111000?
11000010111100
In base 15, what is -559 - 566?
-ac0
In base 7, what is -214 - 20556?
-21103
In base 3, what is 11221022212 + -11?
11221022201
In base 12, what is -1 + -a83b?
-a840
In base 8, what is 160 + 247?
427
In base 6, what is 1043 + -1?
1042
In base 7, what is -10 - -23310?
23300
In base 6, what is -4 + 310405?
310401
In base 8, what is 43061 - 53?
43006
In base 16, what is a3 + -2c8?
-225
In base 13, what is -214a49 + -1?
-214a4a
In base 11, what is -1672 - -5?
-1668
In base 10, what is 43569 + 0?
43569
In base 5, what is -10124 + -2124?
-12303
In base 15, what is -5 + -2b6e2?
-2b6e7
In base 6, what is -1 - -11534?
11533
In base 5, what is 323023 + -12?
323011
In base 14, what is 11194d - 5?
111948
In base 9, what is -15051 - 73?
-15134
In base 2, what is -11110110000011101 + 0?
-11110110000011101
In base 2, what is 100 + -1111100000100011?
-1111100000011111
In base 6, what is -1520005 + 0?
-1520005
In base 13, what is -58aa - 0?
-58aa
In base 8, what is 1174 - -16?
1212
In base 2, what is -1100010101010 + 1100?
-1100010011110
In base 6, what is 5 + -34101?
-34052
In base 5, what is 12 + -3032440?
-3032423
In base 10, what is -6 + 9911?
9905
In base 4, what is -2000301 + 2?
-2000233
In base 9, what is 17131 - -165?
17306
In base 7, what is -41154 - -34?
-41120
In base 9, what is 5 - -44002?
44007
In base 4, what is -30312332 + -100?
-30313032
In base 5, what is -20412 - 23?
-20440
In base 11, what is 394080 - -1?
394081
In base 8, what is -1 + -216661?
-216662
In base 6, what is -1431050 - -12?
-1431034
In base 5, what is 114 - -12441130?
12441244
In base 9, what is 3 + 3068327?
3068331
In base 9, what is -1528 + -2803?
-4432
In base 14, what is 1 - 8937?
-8936
In base 9, what is 6 - -342?
348
In base 15, what is -5 - -152bc?
152b7
In base 7, what is 151 - -1544?
2025
In base 10, what is 7031313 + -4?
7031309
In base 11, what is 0 + -239492?
-239492
In base 6, what is -12255233 - 1?
-12255234
In base 15, what is b222 + 5?
b227
In base 5, what is 1442 - 4400?
-2403
In base 11, what is -4935a - 5?
-49364
In base 2, what is -1011 - -10001011000101000?
10001011000011101
In base 16, what is 3f - 180?
-141
In base 15, what is -a2 + -da0?
-e52
In base 12, what is 6290 + -1?
628b
In base 3, what is 11 + 1010101112010?
1010101112021
In base 14, what is 1902 - -5?
1907
In base 8, what is 1442 + -66?
1354
In base 12, what is 2287a5 + 4?
2287a9
In base 2, what is 101 + -1101000010101?
-1101000010000
In base 15, what is 7230a - -4?
7230e
In base 6, what is -20 + -11311?
-11331
In base 2, what is 11110 - -10100011?
11000001
In base 3, what is -1002120121 - 10?
-1002120201
In base 3, what is 220202210201 + -20?
220202210111
In base 14, what is 25 + 2a?
51
In base 2, what is -110111 - 10100101111?
-10101100110
In base 11, what is 3 - 5866?
-5863
In base 10, what is -5 + 7529?
7524
In base 8, what is -41 + 6241?
6200
In base 14, what is 1d + 484?
4a3
In base 3, what is -11 - 2010002202?
-2010002220
In base 2, what is -1101101110 + -1000010101?
-10110000011
In base 11, what is -65 - 56?
-110
In base 5, what is -214432234 - 4?
-214432243
In base 7, what is -13 - -22552?
22536
In base 16, what is -1746 + -af?
-17f5
In base 5, what is 2302 + -44?
2203
In base 13, what is 8 - 128c?
-1284
In base 5, what is 124 - 114344?
-114220
In base 3, what is -2111112211222 + -20?
-2111112212012
In base 12, what is -5 - -123a?
1235
In base 10, what is -134 - -120?
-14
In base 5, what is -1020433 - 314?
-1021302
In base 13, what is cb5 - 51?
c64
In base 4, what is 23 - 21023?
-21000
In base 16, what is -2 + d3c68?
d3c66
In ba